3 - 5. Calculate z(-3).
12
Let o(u) = u**2 - 7*u - 2. Suppose -4*y - 3*i = -47, -4*y = 2*i - i - 37. Determine o(y).
6
Let c(n) = 5*n**3 - 2*n + 2. Let g be c(1). Let p(b) = b - 4. Calculate p(g).
1
Let c be 16/(-2) - 3*(-4)/3. Let i(a) = -2*a - 2. Give i(c).
6
Suppose 0 = -3*h + 6*h - 12. Suppose d - 9 = h*d. Let g = d - -3. Let m(q) = q**2 + 7. What is m(g)?
7
Let s = 20 - 11. Let j(u) = -s + 3 - u - u. Calculate j(-5).
4
Let l(w) = 6*w**2 + 5*w + 5 + w**3 + 2*w - w. Calculate l(-4).
13
Suppose 0*p + 4 = -4*p. Let r = -5 + p. Let j(x) = x**2 + 6*x - 6 - 1 - 2 + 5 + 2. Determine j(r).
-2
Let c(n) = 6*n**3 - 2*n**2 + 1. Let t = 12 - 12. Suppose -4*a + 3*z + 13 = t, -a - 2*z - 2 = 3. Calculate c(a).
5
Let y(h) = h**2 - 12*h + 6. Let g be y(11). Let p(r) = 4*r - 2*r + 2 + 0*r. What is p(g)?
-8
Let v(g) = -g**2 + 9*g - 12. Suppose -3*c - 99 + 123 = 0. Calculate v(c).
-4
Let y(x) = -14*x**2 - x**3 + 0 - 1 + 8*x**2 - 6*x. Give y(-5).
4
Let r(j) be the third derivative of j**8/20160 - j**7/1008 - j**6/144 + j**5/15 + 5*j**2. Let o(c) be the third derivative of r(c). Give o(6).
1
Let d(w) = -w**3 + 3*w**2 + 3*w + 1. Let t = -10 + 3. Let m = t - -11. Determine d(m).
-3
Let s(j) = 5*j**2 + 6. Let v(r) = -2*r**2 - 2. Let l(p) = 3*s(p) + 8*v(p). Let f(u) = 2*u + 1. Let i be f(-2). Calculate l(i).
-7
Suppose -3*j + j = -8. Let c(o) = -2*o + 4. Calculate c(j).
-4
Let k(i) = -307 + 0*i + 0*i + 305 - 3*i. Calculate k(-5).
13
Suppose 0 = 2*d - 2*i - 24, 5*i - 3 = -4*d + 27. Suppose -d - 22 = 4*l. Let m = 3 + l. Let k(z) = -z**2 - 7*z - 3. Determine k(m).
7
Let c(o) be the first derivative of o**3 + 0*o**2 - 2*o - 1 - 1/2*o**4. Determine c(2).
-6
Let w(x) = 3*x**2 - 2*x - 9. Let n(t) = 7*t**2 - 4*t - 19. Let a(f) = 2*n(f) - 5*w(f). Suppose -d = -5*d - 4*o + 36, 0 = -5*d - o + 29. Give a(d).
-8
Suppose 0 = 5*p - 0*p - 10, 0 = r + 5*p - 5. Let b(d) = d**3 + 4*d**2 - 4*d + 7. Determine b(r).
2
Let y(r) be the third derivative of -r**4/8 + r**3 + 3*r**2. Give y(6).
-12
Let g(c) = c**3 + 4*c**2 + 3*c - 5. Suppose -t - 2*t = 12. Determine g(t).
-17
Let j(p) be the third derivative of -p**4/24 - p**3/6 - p**2. Let a be j(-4). Let h(x) = -a*x + 3 + 5*x + 0*x. Give h(-2).
-1
Let h = 7 - 3. Let c(a) = a**3 + 5*a**2 - a - 5. Let g be c(-5). Suppose -o + h*o = g. Let b(v) = v**3 - v**2 + 5. Give b(o).
5
Let m(h) = h - 4. Let z be (-8)/2*14/(-8). Determine m(z).
3
Let i(w) = -10*w**2 - w - 1. Let m = -22 - -24. Suppose -m*l + 5 = -7*l. Determine i(l).
-10
Let l(b) be the second derivative of -2*b**3/3 - b. Give l(2).
-8
Let i(h) = -3*h + 35. Let u be i(13). Let r(t) = 3*t**2 - 12*t - 4. Let l(n) = n**2 - n. Let d(o) = 5*l(o) - r(o). Determine d(u).
8
Let o(l) = 2*l. Let x(p) = -5*p + 0*p - 5 - p**2 - 2 + 4. Let v be x(-2). Let z = 1 - v. Calculate o(z).
-4
Let t(l) = 4*l + 2*l - 5*l. Suppose 2*h + 3*h = -10. Let n = -7 - h. Calculate t(n).
-5
Let d(p) = -p**3 - 5*p**2 - 3*p + 3. Let x be (0 - (3 + -4))*0. Let k = x - 4. Determine d(k).
-1
Let s(o) be the third derivative of -o**7/2520 - o**6/360 - o**5/30 + o**4/24 + 4*o**2. Let d(g) be the second derivative of s(g). What is d(-3)?
-7
Let s(l) be the first derivative of -l**3/3 + l**2 + 5*l - 5. Determine s(4).
-3
Let t(m) = -5 + 9 - 3 + 2*m. Let k be 9/6*(-8)/(-3). Suppose -k*g + 3*g = -2. Calculate t(g).
5
Let u be -4*(-1 + 1 - -1). Let n be (-8)/10*35/(-2). Let t(i) = 8*i + 6 - n*i + 9*i. Calculate t(u).
-6
Let k(m) = m**3 - 5*m**2 - 2*m - 5. Suppose 10*n - 35 = 3*n. Give k(n).
-15
Let j(q) be the second derivative of 1/2*q**2 - 1/6*q**3 + 0 - 5*q. Give j(-6).
7
Let m(u) = -2*u - 3. Suppose 5*k = 4*k - 3. Give m(k).
3
Let h(d) = -d**3 - 7*d**2 + d + 9. Let n be h(-7). Let j(u) = -u**3 + 2*u**2 - 2. What is j(n)?
-2
Suppose -t = 0, -3*f + 5*t - 90 = -8*f. Let j(u) = -11 + 6*u**2 + 10*u + u**3 - 5*u + f. Suppose -2*a - 2 = 2*b, 2*b - 4*a - 7 + 33 = 0. Give j(b).
7
Let a(c) = -3*c**2 - 1. Suppose 4*i - 8 + 20 = 0. Let d = -4 - i. Calculate a(d).
-4
Let w(s) = -76*s + 0 + 77*s - 2. Let t = 0 + 2. Let k = -3 - t. What is w(k)?
-7
Let z(c) be the first derivative of -c**4/12 - 13*c**2/2 - 5*c - 6. Let q(g) be the first derivative of z(g). Determine q(0).
-13
Let i be (3/9 - 0)/1. Let f(h) be the second derivative of i*h**3 + h - 1/20*h**5 + 5/2*h**2 + 0 + 1/4*h**4. What is f(4)?
-3
Let x(o) = 6*o**2 + 4*o + 0*o**2 - 1 + 4 - 5*o**2. Determine x(-2).
-1
Let t(f) = 2*f + 0*f**2 + f**3 + 4*f + 6*f**2. What is t(-5)?
-5
Let h(r) = r + 0*r + 2 + 2*r - 8. Determine h(4).
6
Suppose -d + 26 = 4*k, 2*k = -k + 12. Let j(x) = x**3 + 4*x**2 - 2*x**3 - d*x**2. Calculate j(-6).
0
Suppose -6*l = -7 - 11. Let i(a) = 3 - 4 + 0 + 3*a**2 + 2*a - a**3. Give i(l).
5
Let o(a) be the third derivative of a**5/60 + a**4/24 - a**3/2 - 10*a**2. What is o(-3)?
3
Let l(f) = f**3 + 5*f**2 - 2*f - 3. Let b(w) = -w**2 - 5*w - 5. Let k be b(-5). Determine l(k).
7
Let u(d) = 0 - 3*d**2 - 2*d**2 + 1 + 4*d**2 - 8*d**3. Give u(-1).
8
Let g(s) = -s**2 + 3*s - 5. Let l(w) = w**2 - w + 1. Let b(t) = g(t) + 2*l(t). Suppose 58 = 4*o + o - 2*u, -4*o + 56 = -4*u. Suppose o = -2*v + 2. Give b(v).
9
Let w(a) = -a**2 + a - 4. Let z(f) = f + 11. Let u be z(-7). Suppose u*l = -l. Calculate w(l).
-4
Let a(c) = -c**2 - 10*c - 7. Let x be (-2)/(-5)*5 + -7. Determine a(x).
18
Let f(t) = t**2 + 3*t + 1. Let n(q) = -q**2 + 7*q + 4. Let j be n(8). Calculate f(j).
5
Let v(j) = j**3 + 3*j**2 + j - 1. Let w(y) = 9 - 1 - 8*y - 2 - 1 + y**2. Let m be w(7). Determine v(m).
1
Let r = 4 - -18. Suppose 4*d + 6 = -r. Let i(q) = q**3 + 6*q**2 - 6*q + 9. What is i(d)?
2
Let p(r) = 3*r - 2. Let z(t) = -t**3 - 2*t**2 + t + 1. Let s be z(-2). Let q be (1 + s)*2/(-4). Let k be 1 + (-4 - (-1 - q)). Determine p(k).
-8
Let m(f) = -f**3 + f**2 + 5*f - 2. Let d be ((-18)/((-3)/(-1)))/(-2). Give m(d).
-5
Let x(l) = l**3 + 2*l**2 - 1. Suppose 2*d - 3*d = 3*z - 2, -d - z + 4 = 0. Suppose -d*w = -12 + 32. Let j be w/(-22) + 24/(-11). Calculate x(j).
-1
Let o = -2 - -4. Suppose -u - 6 = -q + 3*u, 3*q - 8 = o*u. Suppose 4*m + x = 6 - 5, 2*m = -q*x - 4. Let a(i) = 6*i**2 - i + 1. Determine a(m).
6
Suppose 5 - 1 = 2*p. Suppose -3*r + 23 = -f + 2*r, 5*f + 34 = -p*r. Let y = f - -7. Let s(l) = 8*l**3 - l**2 - 2*l - 1. Calculate s(y).
-8
Let x(w) = -w + 4. Suppose 0*s + 3*t - 10 = s, -2*t = 5*s + 16. Give x(s).
8
Let q(r) = -r**2 + 4*r + 1. Let v(m) = -2*m + 14. Let y be v(-10). Let w = -60 + y. Let p be 8/20 - w/10. Determine q(p).
4
Let s = -2 - -5. Let r(c) = -6 + 9*c - 8*c - s*c. Give r(-4).
2
Let m(n) = n**2 - 2*n - 3. Let f be m(0). Let d(y) be the third derivative of -y**6/120 - y**5/15 - y**4/24 + y**3/3 - y**2. Give d(f).
-4
Let k be (-30)/8 + (-3)/12. Let h(q) = q**3 + 4*q**2 - 3*q - 1. Determine h(k).
11
Let w = -2 - -4. Let a(n) = 2*n**2 + 0 + 0 - n**2 - 2*n - 2. Determine a(w).
-2
Let h(j) be the third derivative of j**6/240 - j**5/30 - j**4/8 - 4*j**2. Let b(k) be the second derivative of h(k). What is b(-3)?
-13
Let d(m) = m**3 + 7*m**2 + m + 7. Suppose 3*q - 5*z + 41 = 0, -4*z = 7*q - 2*q + 19. Give d(q).
0
Let z(h) = h + 7. Let b(s) = -s + 3. Let i be b(9). Calculate z(i).
1
Suppose 4 + 21 = 5*c. Let o(n) = n**3 - 5*n**2 + 3*n - 2. What is o(c)?
13
Suppose 3*u + 1 = 5*q, 3*q + u = -3*u + 18. Suppose -q = -2*g + 6. Let i(l) be the third derivative of l**4/24 - 4*l**3/3 + 3*l**2. Calculate i(g).
-4
Let z(c) = -2 - 80*c**3 - 6*c**2 + 42*c**3 + 37*c**3. Determine z(-6).
-2
Let o(g) be the first derivative of g**4/4 + 4*g**3/3 + g**2/2 + 2*g - 9. Suppose 4*u - 2*l + 16 = 0, -4*u + 5 = -4*l + 29. What is o(u)?
8
Let m be -3 + (-3)/(9/(-6)). Let z(a) = -4*a - 1. Let t(b) = 4*b + 1. Let s(v) = -3*t(v) - 2*z(v). Let y be s(m). Let c(j) = 2*j**2 - 4*j - 1. What is c(y)?
5
Let o(z) be the second derivative of 3*z**5/10 + z**4/6 - z**2/2 + 2*z. Determine o(-1).
-5
Suppose 9 = 3*o + 3. Let b(q) = -q + 0 + 2*q - o*q - 2. Calculate b(-3).
1
Let p = 1/30 - -1/20. Let l(y) be the second derivative of 1/6*y**3 - y**2 - 2*y + p*y**4 + 0. Calculate l(0).
-2
Let y(j) = j**3 + j**2 + j + 10. Let z(k) be the third derivative of -k**6/120 - k**4/24 - 11*k**3/6 - 3*k**2. Let s(v) = -5*y(v) - 4*z(v). Calculate s(-5).
-1
Let z(p) = -3*p + 6*p - 2*p + 7 - 2*p. Give z(7).
0
Let t(b) be the first derivative of b**3/3 - 3